ivided by 173.
164
Calculate the remainder when 7183 is divided by 15.
13
Calculate the remainder when 503 is divided by 151.
50
Calculate the remainder when 5197 is divided by 13.
10
What is the remainder when 271 is divided by 134?
3
Calculate the remainder when 260 is divided by 106.
48
Calculate the remainder when 1485 is divided by 398.
291
Calculate the remainder when 242 is divided by 42.
32
Calculate the remainder when 217 is divided by 59.
40
What is the remainder when 119 is divided by 61?
58
Calculate the remainder when 234 is divided by 34.
30
Calculate the remainder when 2693 is divided by 20.
13
What is the remainder when 5534 is divided by 16?
14
What is the remainder when 187 is divided by 21?
19
Calculate the remainder when 192 is divided by 15.
12
Calculate the remainder when 140 is divided by 28.
0
What is the remainder when 2963 is divided by 12?
11
Calculate the remainder when 186 is divided by 12.
6
Calculate the remainder when 84 is divided by 18.
12
What is the remainder when 1770 is divided by 405?
150
Calculate the remainder when 114 is divided by 42.
30
Calculate the remainder when 248 is divided by 10.
8
What is the remainder when 780 is divided by 49?
45
Calculate the remainder when 175 is divided by 16.
15
Calculate the remainder when 227 is divided by 53.
15
Calculate the remainder when 715 is divided by 120.
115
What is the remainder when 893 is divided by 236?
185
Calculate the remainder when 2870 is divided by 18.
8
Calculate the remainder when 1647 is divided by 38.
13
Calculate the remainder when 525 is divided by 138.
111
Calculate the remainder when 291 is divided by 7.
4
What is the remainder when 2856 is divided by 55?
51
Calculate the remainder when 552 is divided by 56.
48
What is the remainder when 1573 is divided by 758?
57
Calculate the remainder when 1255 is divided by 95.
20
Calculate the remainder when 5803 is divided by 11.
6
What is the remainder when 115 is divided by 35?
10
What is the remainder when 1422 is divided by 62?
58
Calculate the remainder when 340 is divided by 114.
112
What is the remainder when 119 is divided by 25?
19
What is the remainder when 1767 is divided by 66?
51
What is the remainder when 157 is divided by 40?
37
What is the remainder when 102 is divided by 2?
0
Calculate the remainder when 961 is divided by 36.
25
Calculate the remainder when 412 is divided by 121.
49
Calculate the remainder when 516 is divided by 9.
3
Calculate the remainder when 67 is divided by 6.
1
What is the remainder when 10933 is divided by 71?
70
What is the remainder when 284 is divided by 16?
12
Calculate the remainder when 5039 is divided by 90.
89
Calculate the remainder when 137 is divided by 29.
21
Calculate the remainder when 264 is divided by 53.
52
Calculate the remainder when 36929 is divided by 59.
54
Calculate the remainder when 606 is divided by 60.
6
What is the remainder when 646 is divided by 187?
85
What is the remainder when 1097 is divided by 5?
2
Calculate the remainder when 777 is divided by 138.
87
Calculate the remainder when 531 is divided by 60.
51
What is the remainder when 295 is divided by 94?
13
Calculate the remainder when 220 is divided by 75.
70
Calculate the remainder when 4870 is divided by 87.
85
What is the remainder when 41 is divided by 10?
1
What is the remainder when 792 is divided by 3?
0
What is the remainder when 2374 is divided by 82?
78
Calculate the remainder when 80 is divided by 27.
26
Calculate the remainder when 55 is divided by 15.
10
What is the remainder when 135 is divided by 28?
23
What is the remainder when 475 is divided by 28?
27
What is the remainder when 22 is divided by 12?
10
Calculate the remainder when 66 is divided by 10.
6
Calculate the remainder when 53 is divided by 8.
5
Calculate the remainder when 2965 is divided by 30.
25
Calculate the remainder when 4187 is divided by 299.
1
What is the remainder when 722 is divided by 91?
85
Calculate the remainder when 1597 is divided by 32.
29
Calculate the remainder when 745 is divided by 15.
10
What is the remainder when 259 is divided by 26?
25
What is the remainder when 851 is divided by 21?
11
Calculate the remainder when 11867 is divided by 86.
85
Calculate the remainder when 341 is divided by 15.
11
Calculate the remainder when 450 is divided by 26.
8
What is the remainder when 343 is divided by 29?
24
Calculate the remainder when 311 is divided by 76.
7
Calculate the remainder when 141 is divided by 51.
39
Calculate the remainder when 544 is divided by 543.
1
Calculate the remainder when 414 is divided by 26.
24
What is the remainder when 593 is divided by 85?
83
What is the remainder when 468 is divided by 147?
27
Calculate the remainder when 1489 is divided by 77.
26
What is the remainder when 676 is divided by 34?
30
What is the remainder when 246 is divided by 58?
14
What is the remainder when 2006 is divided by 168?
158
What is the remainder when 270 is divided by 55?
50
What is the remainder when 31205 is divided by 83?
80
What is the remainder when 3637 is divided by 453?
13
Calculate the remainder when 64 is divided by 38.
26
What is the remainder when 998 is divided by 248?
6
Calculate the remainder when 89 is divided by 23.
20
Calculate the remainder when 96 is divided by 17.
11
Calculate the remainder when 5067 is divided by 181.
180
Calculate the remainder when 113 is divided by 28.
1
What is the remainder when 211 is divided by 32?
19
What is the remainder when 131 is divided by 44?
43
Calculate the remainder when 891 is divided by 16.
11
Calculate the remainder when 701 is divided by 16.
13
Calculate the remainder when 498 is divided by 247.
4
What is the remainder when 171 is divided by 43?
42
What is the remainder when 269 is divided by 18?
17
What is the remainder when 2547 is divided by 73?
65
What is the remainder when 8515 is divided by 2838?
1
Calculate the remainder when 354 is divided by 20.
14
Calculate the remainder when 2736 is divided by 33.
30
Calculate the remainder when 42 is divided by 35.
7
Calculate the remainder when 382 is divided by 191.
0
What is the remainder when 205 is divided by 21?
16
What is the remainder when 164 is divided by 85?
79
Calculate the remainder when 4238 is divided by 1412.
2
What is the remainder when 379 is divided by 20?
19
What is the remainder when 856 is divided by 13?
11
Calculate the remainder when 79 is divided by 19.
3
Calculate the remainder when 3512 is divided by 1735.
42
What is the remainder when 35 is divided by 15?
5
What is the remainder when 1834 is divided by 115?
109
Calculate the remainder when 508 is divided by 359.
149
What is the remainder when 637 is divided by 71?
69
Calculate the remainder when 84 is divided by 45.
39
Calculate the remainder when 367 is divided by 46.
45
What is the remainder when 60 is divided by 17?
9
Calculate the remainder when 19907 is divided by 110.
107
What is the remainder when 25896 is divided by 46?
44
Calculate the remainder when 701 is divided by 18.
17
Calculate the remainder when 193 is divided by 93.
7
Calculate the remainder when 5505 is divided by 5502.
3
What is the remainder when 251 is divided by 81?
8
What is the remainder when 79439 is divided by 30?
29
Calculate the remainder when 151 is divided by 3.
1
What is the remainder when 65 is divided by 61?
4
Calculate the remainder when 100 is divided by 43.
14
Calculate the remainder when 1857 is divided by 87.
30
What is the remainder when 12845 is divided by 18?
11
What is the remainder when 1833 is divided by 54?
51
What is the remainder when 875 is divided by 126?
119
What is the remainder when 11250 is divided by 121?
118
Calculate the remainder when 2276 is divided by 57.
53
What is the remainder when 465 is divided by 64?
17
What is the remainder when 453 is divided by 122?
87
What is the remainder when 346 is divided by 44?
38
Calculate the remainder when 1085 is divided by 183.
170
Calculate the remainder when 16527 is divided by 5.
2
Calculate the remainder when 628 is divided by 75.
28
Calculate the remainder when 2395 is divided by 265.
10
Calculate the remainder when 3897 is divided by 100.
97
What is the remainder when 335 is divided by 19?
12
What is the remainder when 980 is divided by 100?